- a9?
-144408
In base 4, what is -11 + -1213203322332?
-1213203323003
In base 7, what is 5 - 32416453?
-32416445
In base 8, what is -57567 + -73?
-57662
In base 8, what is -63056402 - -14?
-63056366
In base 10, what is 0 + -58012124?
-58012124
In base 8, what is -4 - -2063065?
2063061
In base 14, what is 88798 - 20b?
8858b
In base 8, what is -263 - 537020?
-537303
In base 12, what is -25a + -2671b?
-26979
In base 13, what is -3 - -29c4581?
29c457b
In base 10, what is -21 - -1248799?
1248778
In base 9, what is -385364721 - -4?
-385364716
In base 8, what is 16774 - 401?
16373
In base 16, what is -258 - -85a4?
834c
In base 4, what is 220332 - -32133022?
33020020
In base 12, what is 30b + 145801?
145b10
In base 12, what is -136 - -203656?
203520
In base 14, what is -230 + 3225a?
3202a
In base 10, what is -8557 - 1716?
-10273
In base 11, what is 3673 + -292?
3391
In base 16, what is -5383d3b5 - -2?
-5383d3b3
In base 7, what is -545 + -35152506?
-35153354
In base 15, what is -138 + -310ab5?
-310bed
In base 12, what is 3399023 - -13?
3399036
In base 7, what is -14154020 + 2066?
-14151621
In base 5, what is -40101 - -1322341?
1232240
In base 5, what is -1123 - 100333022?
-100334200
In base 10, what is -10637 + 64916?
54279
In base 11, what is 17279 - -4375?
20643
In base 9, what is 116765 + -621?
116144
In base 8, what is 1671754 - -403?
1672357
In base 4, what is 13 - -2221313111111?
2221313111130
In base 3, what is -1212101212101 + -1?
-1212101212102
In base 3, what is -222202002201 - 210?
-222202010111
In base 10, what is -2853 - 27763?
-30616
In base 2, what is -1000101000010011001110001111 - 1?
-1000101000010011001110010000
In base 11, what is 13434 + -296?
13149
In base 14, what is -261 + 5219?
4d98
In base 11, what is -102722 + 633?
-10209a
In base 5, what is 2032001 + -111302?
1420144
In base 14, what is -579 - -1576d?
151d4
In base 5, what is 110142013421 + 3?
110142013424
In base 11, what is -2408 + -6260a?
-64a17
In base 15, what is -4ce6a17 - 2?
-4ce6a19
In base 5, what is 100222 - 42124?
3043
In base 12, what is 1ba70a + 4b?
1ba759
In base 11, what is a5 + 1834134?
1834229
In base 9, what is -178 - -80648?
80460
In base 6, what is 10 - 355331132?
-355331122
In base 11, what is -21373 - -11?
-21362
In base 6, what is 1344251 - -2143?
1350434
In base 4, what is -1201311 - -1031?
-1200220
In base 8, what is -2 + -203134077?
-203134101
In base 10, what is -2 - 12460278?
-12460280
In base 16, what is -27fecffa - -3?
-27fecff7
In base 10, what is -686 + -62038?
-62724
In base 10, what is -41425 + -202?
-41627
In base 10, what is -74 - 10810899?
-10810973
In base 11, what is -10a + -6784?
-6893
In base 15, what is 16 + -176e88?
-176e72
In base 8, what is 641571736 - 4?
641571732
In base 16, what is -c782 - -1e?
-c764
In base 10, what is 5 + -1224806?
-1224801
In base 15, what is -2ead7a - 7?
-2ead82
In base 8, what is -1 - -21230610?
21230607
In base 3, what is -21000201120 - 22202?
-21001001022
In base 16, what is -4e619 - -831?
-4dde8
In base 13, what is b86 + 29c?
1155
In base 12, what is 762a - -a20?
844a
In base 16, what is -13a4d3 - 0?
-13a4d3
In base 6, what is 2141 + -2111522?
-2105341
In base 2, what is -10011 - -10011000000111011100?
10011000000111001001
In base 4, what is 21231 - 113330110?
-113302213
In base 16, what is -165c21 + 7?
-165c1a
In base 8, what is 5454505 - 117?
5454366
In base 10, what is 26345 + 11943?
38288
In base 15, what is 1c6db - -2c?
1c718
In base 10, what is 34 + 149318?
149352
In base 13, what is -3276c1 - 15?
-327706
In base 13, what is 16049 - -2?
1604b
In base 4, what is -210021 + -203331?
-1020012
In base 10, what is 32 - 9388169?
-9388137
In base 8, what is -3333 + 260277?
254744
In base 7, what is -25130 + 2033?
-23064
In base 7, what is 20 - -360006651?
360010001
In base 4, what is 1131213301 + -10?
1131213231
In base 16, what is 2e2c - a416?
-75ea
In base 11, what is -1a - 2a7199?
-2a7208
In base 8, what is 3445 + 26332?
31777
In base 4, what is 1232120221 - 121?
1232120100
In base 13, what is 1a7a612 - 5?
1a7a60a
In base 8, what is -2362775646 + 4?
-2362775642
In base 8, what is -301135444 - 2?
-301135446
In base 11, what is -550162a4 + 2?
-550162a2
In base 10, what is 1758 + 77062?
78820
In base 10, what is 4491 + 14906?
19397
In base 2, what is 1001100 - 110001011111101?
-110001010110001
In base 11, what is -9a + -153067?
-153156
In base 8, what is -334 + 143416?
143062
In base 3, what is 11 + 2022102022121202?
2022102022121220
In base 3, what is 122000200122 - 1000210?
121222122212
In base 2, what is -1111 - 11100110011010111100100?
-11100110011010111110011
In base 13, what is 41a3c64a + 4?
41a3c651
In base 13, what is 91 + -56021?
-55c60
In base 13, what is -143 - 6c374?
-6c4b7
In base 9, what is -652408 - -147?
-652251
In base 4, what is 32202201033 + 3?
32202201102
In base 10, what is -18414 + -26459?
-44873
In base 7, what is -353 + 52104?
51421
In base 13, what is -30b1295 + -4?
-30b1299
In base 7, what is 1610 + 330334?
332244
In base 3, what is -110 - -200011202011100?
200011202010220
In base 5, what is -3010031320 + -101?
-3010031421
In base 13, what is -2654 + 170c?
-c45
In base 11, what is 936a - 9396?
-27
In base 6, what is -124135 + -21005?
-145144
In base 16, what is 3 - -430fe5e?
430fe61
In base 3, what is 202012210021001 - 100?
202012210020201
In base 6, what is -1533354352 + -3?
-1533354355
In base 10, what is 676159 + 2?
676161
In base 12, what is a17351 - -160?
a174b1
In base 9, what is -11611412 + 2?
-11611410
In base 16, what is 55af0c - 1?
55af0b
In base 16, what is 4 - 23bb09?
-23bb05
In base 9, what is 17572 + 1635?
20317
In base 5, what is -4123404044 - 1?
-4123404100
In base 4, what is 21101320 - -20111?
21122031
In base 6, what is -2023045215 + 2?
-2023045213
In base 8, what is -17074200 + -3?
-17074203
In base 5, what is -10 - -244211230343?
244211230333
In base 15, what is 207e6e + -1?
207e6d
In base 16, what is -107 - d37ce?
-d38d5
In base 13, what is -3cb - a9b7?
-b0b5
In base 15, what is -3218 - 437?
-3650
In base 2, what is -1 + -1011111011111111100001101?
-1011111011111111100001110
In base 5, what is 1102 - -1230112?
1231214
In base 9, what is -2576 - 8646?
-12333
In base 11, what is 1560732a - 5?
15607325
In base 9, what is 46251 + 7565?
54826
In base 11, what is -15 + 744724?
74470a
In base 9, what is -1243115 + 244?
-1242761
In base 4, what is 20112121321 - -110?
20112122031
In base 5, what is 10442441 + 2413?
11000404
In base 6, what is -214 - -1112542?
1112324
In base 3, what is -10102 + 1020122120?
1020112011
In base 11, what is -5 - 941664?
-941669
In base 12, what is -4 - 1327935?
-1327939
In base 9, what is 10587 + 1763?
12461
In base 10, what is -6288 + -568?
-6856
In base 14, what is -54 + 332d2?
3327c
In base 15, what is -84d - -2067?
1719
In base 6, what is 12411 + 23010205?
23023020
In base 13, what is 1b9aca9 - -2?
1b9acab
In base 14, what is -ab69 - 4c8?
-b253
In base 16, what is -2 - 1962e6f?
-1962e71
In base 11, what is 9481 + 1756?
10127
In base 9, what is 38550 - 52206?
-12546
In base 6, what is -12 - 1152244311?
-1152244323
In base 10, what is -183551973 - 2?
-183551975
In base 15, what is -279e19 - 5?
-279e1e
In base 4, what is 3 + -3131112313023?
-3131112313020
In base 8, what is -162440015 + 5?
-162440010
In base 12, what is -221aab3 - 16?
-221ab09
In base 10, what is 166 + -121729?
-121563
In base 9, what is -28 - 3015673?
-3015712
In base 6, what is 3 + -1412404142?
-1412404135
In base 9, what is -483607 + 36?
-483561
In base 7, what is 230225151 - 2?
230225146
In base 5, what is -2140 + 2323204011?
2323201321
In base 2, what is -101 - 110011100110111011110001?
-110011100110111011110110
In base 2, what is -1011 - -1001011010000000110100?
1001011010000000101001
In base 8, what is 21 - 21023201?
-21023160
In base 13, what is -4 - 72365bb?
-72365c2
In base 9, what is 230454616 - 2?
230454614
In base 16, what is 193 + -38ed?
-375a
In base 2, what is 1011011001101011000 - -1101?
1011011001101100101
In base 13, what is -7912 + -2246?
-9b58
In base 5, what is 1423 - -201441034?
201443012
In base 4, what is -10131001 + 1210?
-10123131
In base 15, what is 46280ac + -1?
46280ab
In base 8, what is -2631007 + 55?
-2630732
In base 12, what is 162 - 